uppose -4*t + 53 = -23. What is the greatest common factor of r and t?
19
Suppose 4*j - 3*f - 160 = 0, -2*j - 4*f + 10 = -92. Let t be (-12 + 6876/(-72))/(10/(-8)). Calculate the greatest common factor of t and j.
43
Suppose -173*v - 3760 + 25324 = -28260. Calculate the greatest common factor of 2272 and v.
32
Let n(q) = -2*q**2 - 22*q + 48. Let c be n(-12). Suppose 25*w - c*w - 19 = 0. Calculate the highest common divisor of w and 19.
19
Let y be ((-1200)/750)/((-4)/20). Let p = -4 - -8. What is the greatest common divisor of p and y?
4
Suppose 0*y = -3*y + 15. Suppose -3 = 141*u - 567. Let m be 22/u - y/(20/(-6)). What is the greatest common divisor of m and 98?
7
Suppose -2*v + s + 175 = 0, -270 = 11*v - 14*v + 3*s. Suppose 5*r - 206 = -5*h - 31, -4 = -4*r. What is the highest common factor of h and v?
17
Let i = -4212 - -4221. What is the highest common factor of i and 4041?
9
Let i(p) = p**3 + 5*p**2 + 49*p - 539. Let y be i(6). What is the highest common factor of y and 151?
151
Let z = -393 + 389. Let n be (-5)/(-4)*z + 13. What is the greatest common factor of 3 and n?
1
Let p = -23343 - -23513. Calculate the highest common factor of p and 710.
10
Suppose -259*k + 261*k - 414 = 0. Let m = -19 + 28. Calculate the greatest common divisor of k and m.
9
Suppose 86*x - 58190 = -443*x. What is the greatest common factor of x and 12045?
55
Let l be (-6)/(-60) + 159285/150. What is the highest common factor of l and 18?
18
Suppose -419 = -9*w + 67. Suppose 0*t - w = -9*t. Let b = 27 + 27. What is the highest common factor of b and t?
6
Let p(o) = 48*o - 31. Let q be p(1). Suppose -8 = -18*b + q*b - k, 0 = k - 5. What is the greatest common divisor of 7 and b?
1
Let h(g) = -2688*g + 3418. Let t be h(-4). Calculate the greatest common divisor of t and 13.
13
Let f be (-2)/(-4)*(12 - 10). Let i be (-45432)/(-180) + ((-2)/5)/f. Calculate the greatest common factor of 28 and i.
28
Let j be (2/(-6)*-16)/(13/(-39)). Let i be (-1)/((-2)/j*-2). Let f(v) = -v**2 + 6*v + 4. Let n be f(i). What is the highest common divisor of n and 4?
4
Let d be 15392/220 - (-104)/2860. What is the highest common factor of 1390 and d?
10
Let g(d) = 2*d**2 - 36*d - 318. Let x be g(-7). What is the highest common factor of x and 2232?
8
Let a be (48/9 - (0 - -5))*9. Let h be 147*30/150*5/a. What is the greatest common divisor of h and 784?
49
Suppose -705 = 4*r - 9*r - 3*c, 4*r + 2*c - 564 = 0. Suppose 380*i = -377*i + 720*i + 8695. What is the greatest common factor of i and r?
47
Let p = -6381 + 6413. What is the greatest common divisor of p and 3104?
32
Let b(s) = 6*s + 74. Let j be b(-9). Suppose 729 = 19*c - 981. What is the highest common divisor of c and j?
10
Suppose 2141 = 3*k + 2165, -2*k = -7*d + 1045. Calculate the highest common factor of 13426 and d.
49
Suppose -18*u + 17*u = -61. Suppose -66*a + 110 = -u*a. What is the greatest common divisor of a and 22?
22
Let x be 3/(-18)*(-24)/18 + (-8736)/(-54). What is the highest common divisor of x and 10?
2
Suppose 2*f - 3*f = -602. Let v be (11 + (-225)/30)*8. Calculate the greatest common divisor of f and v.
14
Let a be 44/(-6 + 2 - (-7)/(-84)*-51). What is the greatest common factor of 1837 and a?
11
Let v = -2053 - -2526. What is the greatest common divisor of v and 33?
11
Let d(o) = -406*o**2 + 3*o + 2. Let m be d(-1). Let q = 603 + m. Let i = q + -96. What is the highest common divisor of 25 and i?
25
Let w(d) = 144*d - 1830. Let q be w(14). What is the greatest common divisor of 6 and q?
6
Let s = -338 - -698. Suppose -16*n = -11*n - s. Calculate the highest common factor of n and 24.
24
Let z = -6592 + 8511. Calculate the highest common divisor of z and 19.
19
Suppose -2*m = 5*v - 21, 5*v - 4*m + m = 31. Suppose -v*b + 360 = -0*b. Calculate the greatest common factor of b and 648.
72
Suppose -2*m = 2*c - 76, 9*m - 10*m + 38 = -c. What is the greatest common factor of 2071 and m?
19
Let v be (634 - 634) + 448/2. What is the greatest common factor of v and 91?
7
Suppose 96*k - 660 = 74*k. Suppose g + 592 = 2*g. Let u = 832 - g. What is the highest common divisor of k and u?
30
Suppose -12*t - 84 = -14*t. Calculate the greatest common factor of 1078 and t.
14
Let a(s) = -64*s**2 + 3*s - 3. Let b be a(1). Let l = 85 + b. Calculate the greatest common factor of l and 63.
21
Let u(x) = -12*x**2 + 74*x. Let c be u(1). What is the greatest common factor of 2976 and c?
62
Let m(g) = g**3 - 2*g**2 + g + 4. Let r be (-14)/(-4) + (-2)/4. Let u be m(r). Suppose 29524*i = 29510*i + 224. What is the highest common divisor of i and u?
16
Suppose -5*y - 4*p + 290 = 0, 4*y - 232 = -2*p - 2*p. Suppose 3*x - y - 8 = 0. Let o = 94 - -16. What is the highest common divisor of o and x?
22
Let h be 10 - (-11 + -11 - 7). Calculate the highest common factor of h and 57.
3
Suppose 8*b = 3*b + 15. Suppose -5*k + 380 = 4*o, b*k - 4*k + 65 = 3*o. What is the greatest common divisor of 112 and k?
16
Let h = -14309 + 14449. Suppose w + 3*w - 1400 = 0. Calculate the greatest common factor of h and w.
70
Let v(i) = -64*i - 522. Let o be v(-9). Let m = -44 - -80. What is the highest common factor of o and m?
18
Suppose -71*a = -67*a - 720. Calculate the greatest common divisor of 960 and a.
60
Suppose -4*c + 5*n = -70820, -3*n + 12 + 0 = 0. Suppose 3*w + 19*w = c. Calculate the greatest common factor of 35 and w.
35
Let o be -13*-9*11568/936. What is the highest common divisor of o and 6?
6
Let l = 117121 + -116516. Let g(z) = 18*z + 1. Let r be g(3). What is the highest common divisor of l and r?
55
Let d = 1866 - 1128. Suppose -212*z + 9*z - 472*z + 15462 = 184*z. Calculate the highest common divisor of d and z.
18
Suppose 0 = 4*z + 3*d - 264, -d + 4*d = -2*z + 126. Suppose 4*h - 16 = -0*h, -4*h = -p + z. Calculate the greatest common factor of p and 187.
17
Suppose 1164 + 889 = 4*l - 5*h, h - 1051 = -2*l. What is the greatest common divisor of l and 1450?
58
Let l = 158 - 159. Let v(t) = -37*t**3 - 4*t**2 - 4*t - 1. Let y be v(l). What is the highest common divisor of y and 126?
18
Let m(t) = -2*t**3 - 13*t**2 - 24*t - 28. Let k be m(-10). Calculate the highest common factor of 144 and k.
48
Let n be 0/((-15)/(-5) + 0/(-3)). Suppose n = 5*b - 5 - 5. Suppose 0 = b*s - 2*l - 28, 2*s = -3*s + 4*l + 66. What is the highest common factor of 2 and s?
2
Let y(f) = -f**3 - 25*f**2 - 28*f - 289. Let a be y(-25). Calculate the highest common divisor of 685 and a.
137
Suppose -3*c + 231 = 4*l, -3*l - 2*c - 2*c = -175. Suppose -l + 2 = 5*f. Let t = -6 - f. What is the highest common divisor of t and 35?
5
Let k be 65/10 - 1/(-2). Suppose o - k = 5. Let j be (-1)/(-4) + 21/o. Calculate the highest common factor of j and 16.
2
Let r = -30652 - -33519. Calculate the greatest common factor of r and 188.
47
Let p be ((-3)/(-6))/(2/40). Suppose -w + 0*w = 60. Let b be (-217)/62*w/7. Calculate the highest common factor of b and p.
10
Let s(c) = c**2 + 100*c + 1403. Let v be s(-117). Calculate the highest common divisor of v and 128.
64
Let x(d) = 2*d + 21. Suppose 9*y = 3*y - 48. Let k be x(y). Suppose -183 - 138 = -4*q - k*g, 5*g = -15. Calculate the greatest common divisor of q and 210.
42
Let f(s) be the first derivative of -s**3/3 + 23*s**2/2 + 32*s - 30. Let g be f(24). Calculate the highest common factor of 18 and g.
2
Suppose -38*p + 4410 = -34*p - 5*w, 5*p - 5535 = -5*w. Calculate the highest common divisor of p and 130.
65
Suppose 29*v + 12 = 41*v. Let y(s) = s**2 - 5*s + 13. Let n be y(8). Calculate the greatest common divisor of n and v.
1
Suppose 8*f - 3*f = 4*m - 807, 5*m - f - 1035 = 0. Let l be 68 - (-11 - (-27)/1). Calculate the greatest common divisor of m and l.
52
Let q(b) = 10*b**2 + 443*b + 3634. Let j be q(-8). What is the highest common factor of 20 and j?
10
Let z(o) = -114*o + 4563. Let d be z(40). Suppose 66 = -0*v + 2*v. Suppose 0*f = f - v. What is the greatest common divisor of d and f?
3
Let t(d) = 8*d**2 + 3*d - 10. Let k be t(-6). Suppose -k = 29*u - 1710. Calculate the greatest common factor of u and 550.
50
Let q be 795/(-12)*(-10188)/45. Calculate the highest common factor of q and 849.
283
Suppose -8940 = -46*p + 16*p. Let u be p - (4 - 10)/(-6). Calculate the greatest common divisor of 27 and u.
27
Let t(g) = g**2 - 